e j(-148).
-10
Let n(o) = 23*o - 981. Calculate n(-23).
-1510
Let o(h) = -27*h**3 + 45*h**2 - 39*h + 34. Calculate o(1).
13
Let h(k) = k**2 - 19525*k - 7077650. Determine h(-356).
-14
Let n(f) = 853*f - 164648. Calculate n(193).
-19
Let g(b) = b**3 + 31*b**2 - 4574*b - 152043. Calculate g(-34).
5
Let u(t) = -2*t**3 + t**2 - 155*t - 569. Determine u(-4).
195
Let b(o) = -927*o - 197447. Give b(-213).
4
Let d(h) = -697*h + 46637. Determine d(67).
-62
Let i(f) = 134*f + 103. Give i(-7).
-835
Let o(x) = 40*x**2 + 306*x - 61. Give o(-10).
879
Let g(d) = -71*d**2 + 26211*d - 4202. Give g(369).
226
Let l(k) = 2444*k + 12578. Give l(-6).
-2086
Let l(n) = 23*n**2 + 6387*n + 12684. Give l(-2).
2
Let f(d) = 823*d + 6099. What is f(-7)?
338
Let i(b) = -193*b - 4235. Give i(-27).
976
Let y(g) = -6*g**2 + 1827*g - 133033. Calculate y(184).
-1
Let z(q) = 3*q**2 + 1314*q + 23848. What is z(-419)?
-35
Let y(n) = -51*n**3 + 170*n**2 + 278*n - 992. Determine y(3).
-5
Let v(y) = 607*y - 71012. Determine v(117).
7
Let s(g) = 266*g + 3124. Calculate s(-10).
464
Let m(w) = -3*w**3 + 146*w - 893. What is m(0)?
-893
Let y(d) = 1557*d + 53611. Calculate y(-32).
3787
Let h(n) = 15*n**2 - 566*n + 2480. What is h(5)?
25
Let j(o) = 5*o**3 - 3237*o**2 + 1185*o + 70521. Give j(647).
-2
Let d(h) = -228*h + 18783. Determine d(77).
1227
Let b(x) = 53*x**2 - 3709*x - 3709. Calculate b(-1).
53
Let y(j) = -45911*j - 1193671. Give y(-26).
15
Let n(q) = -416*q - 28327. Give n(-68).
-39
Let f(y) = -y**3 + 58*y**2 + 34*y - 2129. What is f(58)?
-157
Let o(q) = -4*q**3 - 16*q**2 + 633*q + 1275. Determine o(-2).
-23
Let a(c) = c**3 + 106*c**2 - 221*c - 614. What is a(-108)?
-74
Let s(f) = -7*f**2 - 5172*f + 5173. What is s(1)?
-6
Let z(y) = -10*y**3 + 1049*y**2 + 58*y + 4950. Give z(105).
15
Let h(v) = 5*v**2 + 3148*v - 27191. Determine h(-638).
-395
Let i(a) = 24*a**2 - 1054*a - 11505. What is i(53)?
49
Let b(h) = -160305*h - 258. Calculate b(0).
-258
Let s(n) = 2*n**2 + 58*n + 480. Give s(-26).
324
Let y(x) = -x**3 - 50*x**2 + 687*x + 857. Determine y(-61).
-119
Let f(h) = -380803*h + 761610. Give f(2).
4
Let g(r) = -543*r - 118839. What is g(-219)?
78
Let g(b) = b**2 + 3*b - 75. Calculate g(16).
229
Let d(f) = -8*f**2 - 9170*f + 82433. Give d(9).
-745
Let g(m) = -95617*m + 1051782. Calculate g(11).
-5
Let v(y) = 18310*y + 567137. What is v(-31)?
-473
Let u(c) = -2612*c - 57472. What is u(-22)?
-8
Let q(j) = 35*j**2 + 1448*j + 11329. What is q(-31)?
76
Let q(t) = 15*t**3 + 554*t**2 - 69*t - 1173. Determine q(-37).
11
Let f(x) = -41*x**3 + 27*x**2 - 103*x + 13. What is f(4)?
-2591
Let m(t) = 4*t**2 - 789*t + 8952. Give m(12).
60
Let o(u) = -2*u**3 - 8*u**2 + 273*u + 3147. Calculate o(-11).
1838
Let h(w) = 108*w + 594. Determine h(-10).
-486
Let v(d) = 17570*d - 87627. Give v(5).
223
Let k(a) = 372*a - 9052. Determine k(23).
-496
Let t(j) = 92*j**2 - 1044*j + 4154. Calculate t(4).
1450
Let j(f) = -64*f**3 - 2109*f**2 + 96*f - 110. Give j(-33).
-11
Let q(x) = 11947*x + 53461. Calculate q(-4).
5673
Let x(n) = 7813*n + 789099. Give x(-101).
-14
Let g(k) = 61*k**3 + 547*k**2 + 2*k + 12. What is g(-9)?
-168
Let o(u) = 7589*u - 3589592. Determine o(473).
5
Let a(h) = 1635*h + 67005. Give a(-41).
-30
Let a(z) = -2*z**3 - 268*z**2 + 547*z + 571. Calculate a(-136).
163
Let i(n) = 43*n**2 - 11743*n + 1168. What is i(273)?
76
Let u(n) = -47*n**3 - 1086*n**2 - 37*n + 34. Calculate u(-23).
-1760
Let r(m) = -635*m + 9689. Give r(19).
-2376
Let p(j) = -8*j**2 - 159*j + 2213. Calculate p(11).
-504
Let z(l) = 961*l + 14580. Calculate z(-15).
165
Let g(c) = 2*c**3 + 62*c**2 - 88*c + 1376. What is g(-33)?
-76
Let o(t) = -298*t**2 - 9*t + 47. What is o(0)?
47
Let k(m) = 4*m**3 + 27*m**2 - 5*m + 253. Determine k(-8).
-27
Let d(r) = r**3 - 65*r**2 - 84*r + 1165. What is d(66)?
-23
Let c(j) = 4*j**2 + 701*j - 5822. Calculate c(8).
42
Let j(d) = d**2 - 7035*d + 28112. Give j(4).
-12
Let i(b) = -2629*b + 891230. What is i(339)?
-1
Let y(s) = 40*s**2 - 84369*s - 234431. Calculate y(2112).
1
Let k(x) = 2*x**3 - 859*x**2 + 3103*x - 51571. What is k(426)?
-25
Let b(y) = 3*y**2 - 1074*y - 6442. Calculate b(-6).
110
Let o(q) = 270*q + 2126. Calculate o(-8).
-34
Let r(w) = -33*w**2 - 431*w + 1548. Determine r(-16).
-4
Let n(s) = s**3 + 29*s**2 - 246*s - 723. Calculate n(-33).
3039
Let z(w) = -33*w**3 + 893*w**2 - 53*w - 16. What is z(27)?
11
Let l(o) = -50*o**2 - 9146*o + 620. What is l(-183)?
-112
Let o(g) = -2*g**2 - 273*g - 4392. Determine o(-19).
73
Let p(h) = -19*h**3 + 16*h**2 - 36*h + 37. What is p(1)?
-2
Let k(l) = -131*l**3 - 130*l**2 - 117*l - 120. Give k(-1).
-2
Let m(y) = 26*y**3 - 8*y**2 + 66*y + 154. Calculate m(-2).
-218
Let z(p) = 17*p - 4015. What is z(234)?
-37
Let g(q) = q**2 - 2914*q + 229470. Calculate g(81).
-3
Let s(l) = 5*l**3 - 907*l**2 - 547*l + 159. Calculate s(182).
-23
Let v(x) = -3062*x + 132164. Calculate v(43).
498
Let o(c) = -c**3 + 11*c**2 + 1032*c - 7454. Give o(7).
-34
Let q(u) = -5*u**2 - 804*u + 11725. What is q(15)?
-1460
Let f(p) = 31*p**3 + 9*p**2 - 81*p - 78. Calculate f(-1).
-19
Let t(i) = -i**2 - 465*i + 11725. What is t(24)?
-11
Let a(y) = -1112508*y + 10012568. What is a(9)?
-4
Let p(g) = 2*g**2 - 63*g - 14100. Determine p(101).
-61
Let w(n) = -469*n - 17731. Calculate w(-38).
91
Let f(s) = 2*s**3 - 327*s**2 - 2220*s + 554. What is f(170)?
-1146
Let i(r) = -501*r - 2435. Determine i(-5).
70
Let t(w) = -7*w**3 - 2*w**2 - 18*w + 58. Calculate t(6).
-1634
Let g(m) = 4*m**2 - 1231*m + 4885. Calculate g(4).
25
Let h(u) = -18*u - 169. What is h(93)?
-1843
Let m(r) = -2*r**3 + 202*r**2 - 205*r + 566. Calculate m(100).
66
Let n(r) = -3*r**3 - 78*r**2 + 7*r - 94. Give n(-26).
-276
Let i(h) = -2*h**2 - 4495*h + 377223. What is i(81)?
6
Let z(o) = -20*o**2 - 288*o - 339. What is z(-15)?
-519
Let x(m) = -2644*m**2 + 182433*m + 221. Calculate x(69).
14
Let x(q) = -5*q**2 + 1556*q + 14039. What is x(-9)?
-370
Let o(k) = -6*k**3 - 2*k**2 + 68*k + 356. Give o(-5).
716
Let s(b) = -13222*b + 766557. What is s(58)?
-319
Let c(s) = -40*s - 1066. What is c(-21)?
-226
Let k(a) = 950*a**2 + 58*a - 151. What is k(2)?
3765
Let m(j) = -j**3 - 6*j**2 + 37*j + 406. Calculate m(-8).
238
Let r(k) = -10*k**2 - 633*k + 4363. Give r(7).
-558
Let j(w) = -5690*w - 1951621. What is j(-343)?
49
Let w(s) = 77*s**2 + 17*s - 9. Determine w(-3).
633
Let r(i) = -121*i - 3486. Determine r(-18).
-1308
Let t(o) = 3*o**3 + 29*o**2 - 289*o + 188. Determine t(6).
146
Let l(q) = q**3 + 110*q**2 + 28*q - 8908. Give l(-109).
-79
Let v(w) = -7219*w + 2764948. What is v(383)?
71
Let d(m) = -189*m - 22491. What is d(-122)?
567
Let j(c) = -2*c**2 - 68*c - 146. Give j(-27).
232
Let g(m) = m**3 - 11*m**2 - 4080*m + 40925. Give g(10).
25
Let b(i) = 467*i + 5404. Determine b(-13).
-667
Let n(x) = -45*x + 2707. Determine n(58).
97
Let j(n) = -274*n + 4675. What is j(17)?
17
Let z(p) = -933*p - 21448. Calculate z(-23).
11
Let d(h) = h**2 + 113*h - 2308. Give d(17).
-98
Let l(y) = 2*y**3 + 577*y**2 - 9102*y - 58. Give l(15).
-13
Let i(n) = 46452*n - 92767. What is i(2)?
137
Let x(m) = 35*m**3 + 767*m**2 - 56*m + 8. Give x(-22).
-212
Let z(k) = 7*k**2 - 15781*k - 110794. Give z(-7).
16
Let q(k) = -22*k**2 - 23*k + 31. What is q(-6)?
-623
Let o(w) = 2088*w - 286129. Determine o(137).
-73
Let o(y) = -y**3 + 38*y**2 + 21636*y - 698502. Give o(32).
-6
Let z(c) = -6*c**2 + 318*c - 2798. Give z(11).
-26
Let j(x) = 16694*x + 383970. Determine j(-23).
8
Let a(t) = 10640*t + 84266. Give a(-8).
-854
Let w(b) = -16073*b - 3680721. Determine w(-229).
-4
Let d(n) = -210*n**2 + 1058*n + 4. Determine d(5).
44
Let n(z) = -22*z**3 + 161*z**2 - 588*z + 8. Give n(4).
-1176
Let a(k) = -3*k**3 + 16*k**2 - 86*k + 663. Determine a(7).
-184
Let a(i) = -87*i - 2279. Give a(-21).
-452
Let v(z) = 51*z + 484. What is v(-9)?
25
Let d(q) = -9115*q - 2005322. Give d(-220).
-22
Let f(x) = -84*x**3 - 87*x**2 - 173*x + 18. Determine f(-2).
688
Let y(n) = -n**3 - 181*n**2 - 533*n + 108. What is y(-178)?
-70
Let o(l) = -16*l**2 - 810*l - 5993. Calculate o(-9).
1
Let w(q) = -q**3 - 10*q**2 + 131*q + 677. Give w(-17).
473
Let s(h) = -8430*h + 118027. What is s(14)?
7
Let t(n) = n**2 + 69551*n - 834752. What is t(12)?
4
Let g(i) = -i**2 + 1504146*i - 22561962. What is g